t is the hundreds digit of 488?
4
What is the hundreds digit of 921?
9
What is the tens digit of 1756?
5
What is the tens digit of 4538?
3
What is the thousands digit of 55909?
5
What is the hundreds digit of 8429?
4
What is the thousands digit of 5570?
5
What is the tens digit of 2672?
7
What is the thousands digit of 85573?
5
What is the units digit of 146744?
4
What is the units digit of 9743?
3
What is the tens digit of 1284?
8
What is the ten thousands digit of 23653?
2
What is the hundreds digit of 4433?
4
What is the tens digit of 11500?
0
What is the hundreds digit of 31933?
9
What is the ten thousands digit of 56444?
5
What is the units digit of 624?
4
What is the units digit of 31760?
0
What is the thousands digit of 2655?
2
What is the hundreds digit of 166424?
4
What is the hundreds digit of 2000?
0
What is the hundreds digit of 76265?
2
What is the tens digit of 16233?
3
What is the hundreds digit of 1135?
1
What is the hundreds digit of 22949?
9
What is the units digit of 3977?
7
What is the thousands digit of 2162?
2
What is the tens digit of 2591?
9
What is the units digit of 4034?
4
What is the thousands digit of 5879?
5
What is the ten thousands digit of 26215?
2
What is the thousands digit of 4782?
4
What is the tens digit of 3185?
8
What is the units digit of 448?
8
What is the hundreds digit of 412?
4
What is the units digit of 27?
7
What is the units digit of 2433?
3
What is the tens digit of 12123?
2
What is the ten thousands digit of 42119?
4
What is the units digit of 2394?
4
What is the tens digit of 31078?
7
What is the thousands digit of 16041?
6
What is the hundreds digit of 323?
3
What is the thousands digit of 21972?
1
What is the hundreds digit of 729?
7
What is the units digit of 10666?
6
What is the units digit of 26432?
2
What is the tens digit of 3392?
9
What is the units digit of 362?
2
What is the units digit of 527?
7
What is the thousands digit of 47903?
7
What is the hundreds digit of 788?
7
What is the units digit of 160?
0
What is the units digit of 914?
4
What is the units digit of 2495?
5
What is the thousands digit of 3015?
3
What is the thousands digit of 32894?
2
What is the tens digit of 7618?
1
What is the units digit of 819?
9
What is the units digit of 1321?
1
What is the units digit of 17?
7
What is the thousands digit of 16911?
6
What is the tens digit of 14575?
7
What is the hundreds digit of 16175?
1
What is the hundreds digit of 5028?
0
What is the units digit of 1830?
0
What is the tens digit of 72?
7
What is the units digit of 1003?
3
What is the thousands digit of 36988?
6
What is the tens digit of 5555?
5
What is the thousands digit of 7475?
7
What is the tens digit of 13352?
5
What is the thousands digit of 9502?
9
What is the units digit of 697?
7
What is the ten thousands digit of 36725?
3
What is the units digit of 17982?
2
What is the units digit of 826?
6
What is the hundreds digit of 4628?
6
What is the tens digit of 40513?
1
What is the hundreds digit of 147225?
2
What is the tens digit of 70558?
5
What is the units digit of 421?
1
What is the tens digit of 14168?
6
What is the hundreds digit of 105987?
9
What is the units digit of 42723?
3
What is the tens digit of 1507?
0
What is the thousands digit of 2003?
2
What is the ten thousands digit of 33145?
3
What is the thousands digit of 11412?
1
What is the units digit of 5081?
1
What is the thousands digit of 2703?
2
What is the hundreds digit of 1056?
0
What is the hundreds digit of 193?
1
What is the tens digit of 656?
5
What is the thousands digit of 26008?
6
What is the thousands digit of 86340?
6
What is the hundreds digit of 1423?
4
What is the tens digit of 25584?
8
What is the tens digit of 2740?
4
What is the thousands digit of 2427?
2
What is the hundreds digit of 1617?
6
What is the hundreds digit of 64958?
9
What is the units digit of 3352?
2
What is the hundreds digit of 12019?
0
What is the units digit of 14214?
4
What is the tens digit of 27043?
4
What is the thousands digit of 58608?
8
What is the hundreds digit of 2056?
0
What is the units digit of 3517?
7
What is the units digit of 105472?
2
What is the units digit of 17853?
3
What is the units digit of 259?
9
What is the tens digit of 7964?
6
What is the units digit of 9762?
2
What is the hundreds digit of 4766?
7
What is the tens digit of 172058?
5
What is the ten thousands digit of 163549?
6
What is the hundreds digit of 47352?
3
What is the ten thousands digit of 18817?
1
What is the units digit of 14322?
2
What is the units digit of 100152?
2
What is the hundreds digit of 72247?
2
What is the hundreds digit of 1541?
5
What is the tens digit of 2068?
6
What is the hundreds digit of 90412?
4
What is the thousands digit of 1250?
1
What is the units digit of 8018?
8
What is the units digit of 315?
5
What is the thousands digit of 8075?
8
What is the units digit of 2220?
0
What is the hundreds digit of 1055?
0
What is the units digit of 733?
3
What is the thousands digit of 8184?
8
What is the tens digit of 7588?
8
What is the thousands digit of 4016?
4
What is the tens digit of 34152?
5
What is the hundreds digit of 714?
7
What is the thousands digit of 11010?
1
What is the hundreds digit of 1483?
4
What is the thousands digit of 13593?
3
What is the tens digit of 811?
1
What is the hundreds digit of 1112?
1
What is the hundreds digit of 27644?
6
What is the tens digit of 821?
2
What is the hundreds digit of 4088?
0
What is the hundreds digit of 30112?
1
What is the hundreds digit of 436?
4
What is the units digit of 15584?
4
What is the ten thousands digit of 14681?
1
What is the tens digit of 2060?
6
What is the hundreds digit of 1454?
4
What is the thousands digit of 5437?
5
What is the units digit of 332?
2
What is the thousands digit of 89673?
9
What is the thousands digit of 1209?
1
What is the hundreds digit of 7408?
4
What is the hundreds digit of 5736?
7
What is the thousands digit of 15319?
5
What is the thousands digit of 48597?
8
What is the units digit of 4001?
1
What is the tens digit of 3368?
6
What is the hundreds digit of 555?
5
What is the units digit of 9000?
0
What is the tens digit of 10127?
2
What is the units digit of 453?
3
What is the thousands digit of 86178?
6
What is the units digit of 102511?
1
What is the thousands digit of 5611?
5
What is the tens digit of 555?
5
What is the tens digit of 8521?
2
What is the hundred thousands digit of 101404?
1
What is the thousands digit of 17351?
7
What is the hundreds digit of 989?
9
What is the hundreds digit of 3131?
1
What is the tens digit of 5841?
4
What is the hundreds digit of 621?
6
What is the hundreds digit of 167201?
2
What is the thousands digit of 10838?
0
What is the units digit of 7603?
3
What is the thousands digit of 1934?
1
What is the hundreds digit of 65602?
6
What is the tens digit of 767?
6
What is the tens digit of 5272?
7
What is the hundreds digit of 96155?
1
What is the hundreds digit of 836?
8
What is the units digit of 7457?
7
What is the tens digit of 7452?
5
What is the tens digit of 1083?
8
What is the units digit of 3809?
9
What is the tens digit of 958?
5
What is the tens digit of 22183?
8
What is the hundreds digit of 896?
8
What is the ten thousands digit of 11159?
1
What is the hundreds digit of 696?
6
What is the units digit of 2912?
2
What is the units digit of 3162?
2
What is the hundreds digit of 23730?
7
What is the thousands digit of 9107?
9
What is the units digit of 12923?
3
What is the thousands digit of 1781?
1
What is the hundreds digit of 917?
9
What is the ten thousands digit of 18644?
1
What is the units digit of 129269?
9
What is the units digit of 90832?
2
What is the units digit of 732?
2
What is the units digit of 2162?
2
What is the tens digit of 2734?
3
What is the ten thousands digit of 19274?
1
What is the ten thousands digit of 11149?
1
What is the units digit of 15761?
1
What is the hundreds digit of 905?
9
What is the tens digit of 487?
8
What is the thousands digit of 40548?
0
What is the hundreds digit of 2754?
7
What is the units digit of 1467?
7
What is the units digit of 32?
2
What is the hundreds digit of 20908?
9
What is the thousands digit of 1126?
1
What is the thousands digit of 5899?
5
What is the ten thousands dig